 + 36. Let u = m - -1. What is the units digit of u?
9
Let s(b) = 2*b - 22. Let z be s(9). What is the units digit of z/(-2) - 0/2?
2
Let m = 3088 - -1363. What is the hundreds digit of m?
4
Let t = 160 - 114. Let k be 7 + 1 - (-8)/4. Suppose 2*n - 4 = -5*s + k, 4*n = -s + t. What is the tens digit of n?
1
What is the thousands digit of (-551655)/(-184) + 3/(-24)?
2
Suppose 3*b + 3*g - 20 = -8, 4*g = 2*b + 10. What is the tens digit of 6/(-9)*(b + -115)?
7
Let m = 1 + 4. Suppose 2*q - 491 = -5*i, 2*i + m*q + 505 = 7*i. What is the units digit of i?
9
Let w = 8587 + -6054. What is the units digit of w?
3
Let n(v) = -16*v**3 + 13*v**2 + v - 35. What is the hundreds digit of n(-6)?
8
Let a be (0/((-9)/3))/(-2). Let b be -1 - ((-55 - a) + -1). Suppose b = 5*v + 5*i, v + 4*i = -v + 14. What is the tens digit of v?
1
Suppose 0 = 3*s + 3*q - 3, -s - 7 = 3*q + 2*q. Suppose d + s*d = 256. What is the units digit of d?
4
Let k(o) = 17*o + 14. Let q(u) = 17*u + 13. Let b(h) = 7*k(h) - 6*q(h). Let l be b(6). Suppose -19*j - l = -21*j. What is the units digit of j?
1
Let m(u) = 8*u**2 - 20*u + 90. What is the thousands digit of m(14)?
1
Let i = -81 - -80. Let j(d) = -159*d - 1. What is the hundreds digit of j(i)?
1
Let x(i) be the second derivative of -i**3/6 + 28*i**2 + 44*i. What is the tens digit of x(0)?
5
Let z = 3745 - 1855. What is the tens digit of z?
9
Let i = 1480 - 1025. What is the tens digit of i?
5
Suppose 3*h = -2*q + 4*h + 11, 23 = 5*q - h. Suppose q = -3*c + 4*n, -4*n = -5*c + 3 + 1. Let r = c + 47. What is the tens digit of r?
5
Suppose -3*l - 3*c = -42, -2*c + 58 = 3*l + 21. Suppose -l*q = -4*q - 305. What is the units digit of q?
1
Let b(r) = 2*r**3 + 2*r**2 - r + 8. Let q be b(-4). What is the tens digit of (-1)/((-3)/q*-1)?
2
Let b(y) = 6*y**3 - 18*y**2 + 7*y - 1. What is the hundreds digit of b(6)?
6
Let x(i) be the second derivative of i**5/10 - 7*i**4/6 - 5*i**3/3 + 3*i**2 + 16*i. What is the units digit of x(8)?
4
Let o = 178 - 109. Let p = 37 + -34. Suppose 33 + o = p*i. What is the tens digit of i?
3
Let i(f) = 2*f**2 + f + 7. Suppose -8*d - 10 = -6*d. What is the units digit of i(d)?
2
Let q be 18/15*(-40)/(-6). Let u(t) = q*t**2 - 2*t**3 + 1 + 3*t + t**3 + 0 - 7*t. What is the tens digit of u(7)?
2
Suppose -18 = -40*o + 41*o. What is the units digit of ((-6)/o)/(3 - (-1806)/(-603))?
7
Let y = -29 - -23. Let x(v) = 21*v**2 + 10*v + 6. Let b be x(y). What is the units digit of b/12 - (-2)/4?
9
Let h be 3 - (-50 + (-1)/1). Let v = -13 + h. Suppose k = -5, -k = 5*q - v - 49. What is the units digit of q?
9
Suppose 0 = -5*c - a + 502, -c + 3*a + 77 = -17. What is the hundreds digit of c?
1
Let h(d) = 3*d - 9. Suppose -38 = -2*j - 0*f - 2*f, -83 = -4*j + 3*f. What is the units digit of h(j)?
1
Suppose -3*f - 31 = -16. What is the units digit of ((-24)/f)/((12/70)/3)?
4
Suppose -24*g + 4*g + 6520 = 0. What is the units digit of g?
6
Let k(c) = c**3 + 2*c**2 - 4*c - 3. Let x be k(-2). Suppose -2*w + 139 = -x*p, 5*p + 57 = -w + 2*w. What is the tens digit of w?
8
What is the units digit of (35/(-10) - -2) + 749/2?
3
Let b(t) = -7*t**2 + 5*t**3 + 94*t - 4*t**3 - 103*t + 3. What is the tens digit of b(9)?
8
Let r(m) be the second derivative of 5*m**4/12 + m**3/3 - m**2 - 13*m. Let g be r(-2). Let p = 23 - g. What is the units digit of p?
9
Suppose 0 = 5*t + 3*y - 8949 + 626, -20 = 5*y. What is the hundreds digit of t?
6
Let h = -31 - 19. Let r be (-2)/12 + h/(-12). Suppose -r*p + 60 = -p + 3*a, -4*p + 81 = 3*a. What is the units digit of p?
1
Suppose 3*r - 662 = -r + 2*v, -3*r + 507 = -5*v. Suppose -13 = -5*u + 27. What is the units digit of r/u - 6/(-4)?
2
Let u = 89 + -8. Let b = u - -7. What is the units digit of b?
8
Let a(c) = -7*c - 3. Let i be a(-1). Suppose 4*z - 20 - 12 = i*y, z - 5*y - 20 = 0. Suppose -2*u + 20 = 4*x, z*u + 0*u = 0. What is the units digit of x?
5
Let u be (-111)/(-39) + (-6)/(-39). Suppose d = u*d - 134. What is the units digit of d?
7
Suppose -4*y = 5*y - 36. Suppose y*h = 115 + 201. What is the tens digit of h?
7
Let l = 310 - -301. What is the hundreds digit of l?
6
Let i = 89 - 50. Let s(t) = -2*t**2 + 3*t - 3. Let q be s(4). Let h = q + i. What is the units digit of h?
6
Suppose -7*z + 307 = -239. Let r = z + -58. What is the tens digit of r?
2
Let w = -18 + 12. Let f be (-9)/w*(-448)/(-12). What is the units digit of -2 + (-5)/((-20)/f)?
2
Suppose u + 10 = r, 5*u - 7 = -r - 3. What is the units digit of (-92)/12*r/(-3)?
3
Let l(m) = -19*m - 62. What is the hundreds digit of l(-19)?
2
Suppose 0 = -4*u + u + 72. Let i = u + -18. Suppose 56 = i*s - 2*s. What is the units digit of s?
4
Let r = 869 + -562. What is the units digit of r?
7
Let f(y) = y**3 - 11*y**2 + 9*y - 2. Let q be f(10). Let v = -9 - q. Suppose 0*l - 12 = -v*l. What is the units digit of l?
4
Let p = -1138 - -1638. What is the units digit of p?
0
Suppose 5*d - 2*x - 28921 = -0*d, -4*x = -2*d + 11562. What is the tens digit of d?
8
Suppose t = 2*c - t - 12, 2*t = c - 7. Suppose -3*x = -0*x + 5*f - 346, c*f = -x + 102. What is the units digit of x?
2
Let n(d) = 3*d**2 - 3. Let r = -28 + 31. What is the tens digit of n(r)?
2
Suppose -3*o = -6*o + 9. Let i = 29 + -29. Suppose -j - 2 + o = i. What is the units digit of j?
1
Let q(n) = -9*n**2 + 43*n - 35. Let l(f) = 5*f**2 - 22*f + 17. Let p(k) = 7*l(k) + 4*q(k). What is the tens digit of p(13)?
4
Suppose m + 56 = f, -2*f + m = f - 160. Suppose -4*y + f = -28. What is the units digit of y?
0
Let w(h) = h - 2. Let a be w(5). Suppose -d = 2*u - 129, -5*u + 0*d + a*d = -295. Suppose u = 3*i - i. What is the units digit of i?
1
Let j(r) = 254*r + 185. What is the units digit of j(11)?
9
Suppose 108 + 148 = 4*u. Suppose -s = -u - 91. What is the hundreds digit of s?
1
Let c = 349 + -94. Suppose -2*u + c = 43. What is the hundreds digit of u?
1
Suppose -48*u - 7601 = -59345. What is the hundreds digit of u?
0
Let c be 248/20 - 12/(-20). What is the units digit of (-26)/26*(0 - c)?
3
Suppose 10773 = 3*v - t, 4*t = -5*v + 18868 - 930. What is the thousands digit of v?
3
Let t(q) = q**2 - 2 - 17*q - 20*q + 39*q. Suppose 4*p - s - s = -18, -4*s + 18 = -5*p. What is the units digit of t(p)?
2
Let z(x) = -24 + x + 16 + 49. What is the tens digit of z(-20)?
2
Let x = 704 - 229. What is the units digit of x?
5
Let g = -271 + 405. Suppose 6*k - g = 274. What is the tens digit of k?
6
Suppose 9948 = 22*s - 12382. What is the units digit of s?
5
Let z = 404 + -282. What is the tens digit of z?
2
Let u = -76 + -80. Let s = -73 - u. What is the tens digit of s?
8
Suppose 0 = 17*q - 13 - 4. Let x(t) = -9*t**2 - 1 + t + 35*t**2 + t. What is the tens digit of x(q)?
2
Let g(a) = -26*a**3 + 2*a**2 + 3*a. Let c(v) = -v**2 + 3*v + 3. Let i be c(4). What is the units digit of g(i)?
5
Let n(l) = -5*l**3 - 11*l**2 - 3*l - 8. What is the hundreds digit of n(-4)?
1
Suppose 106*n + 434 = 107*n. What is the hundreds digit of n?
4
Let w(b) = 193*b**3 + b - 2. Let k be w(1). Let h be (-133)/(-1) - (2 - -1). Let x = k - h. What is the tens digit of x?
6
Let h(t) = 5*t + 2. Let w be h(5). Let c = w - 18. Let q = 5 + c. What is the tens digit of q?
1
Suppose -3*b - 3*z = 0, -4*b = -5*z + 5 - 23. Suppose b*j + 21 = 5*r + 3*j, -18 = -4*r - 2*j. Suppose -r = -2*i + 28. What is the tens digit of i?
1
Let b(f) = 2*f**2 + 187. Let g be b(0). Let k = g + -129. What is the units digit of k?
8
Let n(r) = 86*r**2 + 2*r + 10. What is the units digit of n(3)?
0
Suppose -6*w + 827 = -1063. Suppose 6*r - r - w = 0. What is the tens digit of r?
6
Let s(x) = x**3 + 12*x**2 + 14*x. What is the units digit of s(-4)?
2
Let k(i) = -i**3 - i**2 - i + 54. Suppose 0 = -2*u + 8*u. Let h(f) = f**3 + 2*f**2 - f. Let q be h(u). What is the units digit of k(q)?
4
Suppose -7*n + 63 + 154 = 0. Let s = n - 29. Suppose 0 = j - 2*a - 33, -j - s*a + 40 = 3*a. What is the units digit of j?
5
Suppose 4*y + 4 = 0, 5*i - 3*i - 2 = -2*y. Let f be (-4)/i + (-1 - -5). Suppose -4*p - f*v = -5*v - 9, 8 = 2*p + 2*v. What is the units digit of p?
3
Suppose -2*q + 2289 = -3*z, -6*z + 10*z = 2*q - 2288. What is the hundreds digit of q?
1
Let t(u) be the second derivative of 7*u**4/12 + u**3/3 + 2*u**2 - 10*u. Suppose 4*z + 24 = -4*m, -m + 2 + 0 = -z. What is the units digit